8, what is 43615 + 144?
43761
In base 8, what is -2 + 151?
147
In base 16, what is 0 + 27300?
27300
In base 5, what is 2141 + -10220?
-3024
In base 6, what is 2254 - -3452?
10150
In base 13, what is b84c9 - -1?
b84ca
In base 7, what is -113633 - -41?
-113562
In base 8, what is 53 + 632?
705
In base 5, what is 44 - -11112111?
11112210
In base 7, what is 21005 - -4?
21012
In base 15, what is 517 - -bc?
5d4
In base 8, what is -13353 - -303?
-13050
In base 5, what is -1001 - 12043?
-13044
In base 4, what is 2222210221 + 21?
2222210302
In base 7, what is 31 + 314011?
314042
In base 9, what is 24 - 10171?
-10146
In base 10, what is 3 - -410741?
410744
In base 7, what is -1230 - 46?
-1306
In base 16, what is -62 + -2f?
-91
In base 11, what is -182 + 959?
787
In base 10, what is 3543 - -116?
3659
In base 14, what is 33750 + 4?
33754
In base 15, what is 823b + 5?
8241
In base 4, what is 31 + -13130222?
-13130131
In base 13, what is -42 - -447c?
443a
In base 6, what is -33 + 1431?
1354
In base 12, what is -3 - -251a7?
251a4
In base 8, what is -37052 - 0?
-37052
In base 10, what is 5 + 412749?
412754
In base 7, what is -114 - -130622?
130505
In base 10, what is 256 - 775?
-519
In base 4, what is 10220033 + 11?
10220110
In base 12, what is -2961a9 - 3?
-2961b0
In base 7, what is -6542 - 450?
-10322
In base 8, what is 4045 - -2767?
7034
In base 12, what is 2 + 35aa22?
35aa24
In base 13, what is 4 - -19746?
1974a
In base 14, what is -120 - 134?
-254
In base 5, what is -34411331 + -3?
-34411334
In base 4, what is 210203 - 11?
210132
In base 16, what is b60c - 9?
b603
In base 6, what is 3 - 200010?
-200003
In base 6, what is -11211 + 553?
-10214
In base 6, what is -104 - -31233?
31125
In base 7, what is -2213 - -23?
-2160
In base 12, what is -42175 + -21?
-42196
In base 2, what is 101011100 - -1110011110001?
1111001001101
In base 11, what is 39 + 46a7?
4735
In base 6, what is -21 - -3012?
2551
In base 16, what is -e178 + -1?
-e179
In base 16, what is 15 + 93d8?
93ed
In base 13, what is 169 + -924?
-788
In base 4, what is -3 - 123233330?
-123233333
In base 14, what is 247bc5 - -1?
247bc6
In base 15, what is -487 - 27c?
-714
In base 6, what is 32 + 11404?
11440
In base 15, what is 7ea - -14e1?
1cdb
In base 14, what is 0 + 2571?
2571
In base 12, what is 602 + 47?
649
In base 16, what is -24a02 - 5?
-24a07
In base 10, what is -1 + 39485?
39484
In base 5, what is 2040 + -10023?
-2433
In base 7, what is -1046 - 2631?
-4010
In base 10, what is 11967 + 32?
11999
In base 2, what is -101001000001001000010 - 101?
-101001000001001000111
In base 14, what is 9190d0 + 3?
9190d3
In base 2, what is 111 - 10011111110010011?
-10011111110001100
In base 7, what is -1252 - 602?
-2154
In base 12, what is 1 + -33451a?
-334519
In base 14, what is 185c7b - 3?
185c78
In base 16, what is -14 + 3f?
2b
In base 3, what is 210 + -21200111?
-21122201
In base 8, what is 2 - -25672?
25674
In base 14, what is -bd - -284d?
2770
In base 15, what is 16a - -63?
1cd
In base 11, what is -18a430 + -12?
-18a442
In base 13, what is -41734 - 5?
-41739
In base 6, what is -4 - 350423?
-350431
In base 4, what is -33033 + -1000?
-100033
In base 2, what is 10001111100 - 110001101?
1011101111
In base 5, what is -3310410 - -2?
-3310403
In base 10, what is -209 + 566?
357
In base 8, what is -44 - -4224?
4160
In base 10, what is -3890 - 81?
-3971
In base 13, what is -c6 - -702?
609
In base 13, what is 47 - 224?
-1aa
In base 13, what is 2 - 1280a?
-12808
In base 10, what is -25 + 704?
679
In base 12, what is -4ab6 + -21?
-4b17
In base 15, what is 43d + -5?
438
In base 15, what is -22 - -335?
313
In base 5, what is -1030 + 3232?
2202
In base 16, what is -5325a + -4?
-5325e
In base 6, what is 4 - -12304?
12312
In base 15, what is -14 + -627?
-63b
In base 11, what is 11 + -3131?
-3120
In base 15, what is 3 - 3b20d?
-3b20a
In base 15, what is -b34d + -4?
-b352
In base 9, what is -488 - -131?
-357
In base 5, what is -32443 + 1332?
-31111
In base 5, what is 12422312 - 4?
12422303
In base 2, what is -11 - 110001101010111101?
-110001101011000000
In base 11, what is 86a00 - 9?
869a2
In base 5, what is -4302 - -134?
-4113
In base 13, what is 5ba + -2?
5b8
In base 3, what is 10 + 20212201?
20212211
In base 16, what is -5 - 23cad?
-23cb2
In base 7, what is -25456 - -6?
-25450
In base 7, what is 15 - -4002144?
4002162
In base 7, what is 2 - 225350?
-225345
In base 9, what is -7560 + -47?
-7617
In base 3, what is 1210010221 - -2?
1210011000
In base 2, what is -10 + -10110001011100?
-10110001011110
In base 10, what is -6 - 40?
-46
In base 7, what is -3 + -14133?
-14136
In base 15, what is -a - 1365?
-1370
In base 6, what is -224 + -452?
-1120
In base 9, what is 16045 - -15?
16061
In base 13, what is 19b - 321?
-153
In base 13, what is -10 - -62a55?
62a45
In base 6, what is -35321 - -13?
-35304
In base 7, what is -3016 - 363?
-3412
In base 3, what is -12110 - -202000122?
201211012
In base 12, what is 1 + b864?
b865
In base 6, what is 2 + 131512?
131514
In base 3, what is -210011 + -112?
-210200
In base 7, what is -314 - 16156?
-16503
In base 9, what is -14 + -124?
-138
In base 5, what is 111 + 21010?
21121
In base 4, what is -3101 - 20210302?
-20220003
In base 9, what is 778057 - 3?
778054
In base 13, what is 21c46 - -1?
21c47
In base 13, what is -3 - -1b8b2?
1b8ac
In base 11, what is 2 - -1572?
1574
In base 13, what is 3893 + 4?
3897
In base 3, what is 1122 - -100101221111?
100102000010
In base 8, what is -2327 + -167?
-2516
In base 13, what is 4 - 236?
-232
In base 7, what is 2 - 1262345?
-1262343
In base 6, what is 1 + 1431?
1432
In base 3, what is 12 + 111222121102?
111222121121
In base 9, what is 45157 + 1?
45158
In base 4, what is 2 - -2120303?
2120311
In base 11, what is 2737 - 6?
2731
In base 9, what is 0 - 50871?
-50871
In base 5, what is -1141302 + -12?
-1141314
In base 5, what is -23344 - -414?
-22430
In base 14, what is -4 - -9674?
9670
In base 14, what is 455 - 36?
41d
In base 8, what is -47227 + -4?
-47233
In base 8, what is 6 - -1112462?
1112470
In base 16, what is 1aed1 + 19?
1aeea
In base 15, what is -22a1 + -12?
-22b3
In base 2, what is 10 - -1000100100001111011?
1000100100001111101
In base 15, what is -4 + -1b148?
-1b14c
In base 4, what is 12033 + 320?
13013
In base 12, what is 7 + b6589?
b6594
In base 3, what is -20121210 - 10?
-20121220
In base 6, what is 5053131 - -5?
5053140
In base 15, what is -4b1b9 - 6?
-4b1c0
In base 4, what is 1 - -10202100?
10202101
In base 4, what is 1103111 + 11?
1103122
In base 10, what is -5 + 44182?
44177
In base 11, what is 163 - -3443?
35a6
In base 3, what is -2100201 + -11?
-2100212
In base 16, what is -2fb01 + 2?
-2faff
In base 12, what is 1 + 4709?
470a
In base 13, what is -5bb + 436?
-185
In base 12, what is 573 + 17?
58a
In base 10, what is -11 - 2849?
-2860
In base 2, what is 101101101101 + -1100000?
101100001101
In base 5, what is 44301 - -12?
44313
In base 5, what is -110410 + -31?
-110441
In base 15, what is 2b19 + 3d?
2b57
In base 4, what is 1310232 + 3?
1310301
In base 4, what is -10 + -112103223?
-112103233
In base 2, what is -10000000 - 100101001?
-110101001
In base 2, what is -10000110001110001 + -10?
-10000110001110011
In base 5, what is -3 + 12244?
12241
In base 5, what is -3441441 + 22?
-3441414
In base 13, what is 220 - 22?
1cb
In base 11, what is -50347 + 5?
-50342
In base 12, what is -260 - 14b?
-3ab
In base 5, what is -10 + 310423?
310413
In base 2, what is 1001001101010100110 - -101?
1001001101010101011
In base 15, what is -2c0 + -367?
-637
In base 10, what is -18188 - -197?
-17991
In base 15, what is 12b - 14c?
-21
In base 5, what is 3440244 + 2?
3440301
In base 2, what is 100011000 - 1111011?
10011101
In base 12, what is -2848a7 + -b?
-2848b6
In base 15, what is -2 + cebdd?
cebdb
In base 2, what is 11100111100 - 100110000?
11000001100
In base 16, what is -90b + -1dd?
-ae8
In base 10, what is 133 + -105?
28
In base 15, what is 2b67 + 9?
2b71
In base 6, what is -405 - 5402?
-10211
In base 3, what is -12 - -20112212?
20112200
In base 16, what is 2 - -feef?
fef1
In base 15, what is -b - -18705?
186e9
In base 10, what is 1552 + -20?
1532
In base 9, what is -474 - 17?
-502
In base 8, what is 4 - -1321061?
1321065
In base 6, what is 4 + -204403?
-204355
In